ions digit of 243298812?
4
What is the thousands digit of 876434662?
4
What is the thousands digit of 397009454?
9
What is the ten thousands digit of 6324883453?
8
What is the units digit of 77771109?
9
What is the millions digit of 256320678?
6
What is the units digit of 691431213?
3
What is the tens digit of 36095177?
7
What is the ten millions digit of 1161558894?
6
What is the thousands digit of 1725945278?
5
What is the tens digit of 1500888760?
6
What is the hundreds digit of 797234967?
9
What is the units digit of 263064442?
2
What is the tens digit of 127175065?
6
What is the ten millions digit of 21820318?
2
What is the tens digit of 503711919?
1
What is the units digit of 523296138?
8
What is the ten thousands digit of 1008180421?
8
What is the thousands digit of 1142584822?
4
What is the hundreds digit of 110549176?
1
What is the units digit of 1473822024?
4
What is the hundred thousands digit of 635146467?
1
What is the millions digit of 23423945?
3
What is the units digit of 81271815?
5
What is the thousands digit of 627365274?
5
What is the millions digit of 4677946640?
7
What is the ten millions digit of 20750381?
2
What is the hundreds digit of 1161209850?
8
What is the millions digit of 133648533?
3
What is the millions digit of 76919114?
6
What is the units digit of 311597657?
7
What is the ten thousands digit of 332076868?
7
What is the thousands digit of 38362277?
2
What is the thousands digit of 66765328?
5
What is the hundred millions digit of 4284904396?
2
What is the hundreds digit of 1513763863?
8
What is the ten millions digit of 72593339?
7
What is the ten thousands digit of 2417500521?
0
What is the hundreds digit of 198101358?
3
What is the millions digit of 512653655?
2
What is the hundred thousands digit of 48931897?
9
What is the units digit of 116785728?
8
What is the ten millions digit of 21971265?
2
What is the ten millions digit of 12772146?
1
What is the tens digit of 6656964?
6
What is the hundred thousands digit of 52397473?
3
What is the tens digit of 37176284?
8
What is the thousands digit of 2329243631?
3
What is the hundreds digit of 89438096?
0
What is the millions digit of 69873981?
9
What is the tens digit of 525541042?
4
What is the units digit of 92576087?
7
What is the units digit of 18695285?
5
What is the hundred thousands digit of 5353749222?
7
What is the ten thousands digit of 56167620?
6
What is the hundreds digit of 205246166?
1
What is the hundreds digit of 1611173934?
9
What is the ten thousands digit of 33453191?
5
What is the ten thousands digit of 445619084?
1
What is the tens digit of 3610430821?
2
What is the thousands digit of 672756953?
6
What is the hundreds digit of 12864377?
3
What is the hundred thousands digit of 681737494?
7
What is the hundred thousands digit of 913865695?
8
What is the hundred millions digit of 1271824324?
2
What is the hundred thousands digit of 88194226?
1
What is the tens digit of 227721070?
7
What is the thousands digit of 237986897?
6
What is the millions digit of 232101123?
2
What is the hundred thousands digit of 48337955?
3
What is the thousands digit of 358829180?
9
What is the millions digit of 6486829?
6
What is the hundred thousands digit of 10470722?
4
What is the ten millions digit of 1196528368?
9
What is the thousands digit of 236384827?
4
What is the hundreds digit of 1336396776?
7
What is the ten thousands digit of 7833027?
3
What is the thousands digit of 2231602704?
2
What is the hundred thousands digit of 3290103?
2
What is the tens digit of 164208096?
9
What is the millions digit of 482997742?
2
What is the hundred thousands digit of 1711942369?
9
What is the hundred thousands digit of 807933541?
9
What is the ten millions digit of 49123056?
4
What is the tens digit of 137495343?
4
What is the ten millions digit of 219574376?
1
What is the thousands digit of 144619880?
9
What is the hundred millions digit of 118778221?
1
What is the hundred millions digit of 504028081?
5
What is the millions digit of 3284353?
3
What is the units digit of 9652682?
2
What is the millions digit of 192086745?
2
What is the hundred millions digit of 244336736?
2
What is the millions digit of 44099447?
4
What is the hundred thousands digit of 2756348555?
3
What is the thousands digit of 2109093817?
3
What is the millions digit of 687611230?
7
What is the units digit of 171452678?
8
What is the ten millions digit of 55731667?
5
What is the ten millions digit of 1718775165?
1
What is the hundreds digit of 675534334?
3
What is the tens digit of 578509152?
5
What is the hundred millions digit of 146494802?
1
What is the ten thousands digit of 2256658268?
5
What is the tens digit of 27865733?
3
What is the ten thousands digit of 44736143?
3
What is the hundreds digit of 59363212?
2
What is the millions digit of 3460099680?
0
What is the thousands digit of 3724865856?
5
What is the thousands digit of 109497973?
7
What is the tens digit of 670652589?
8
What is the hundred thousands digit of 319594503?
5
What is the hundred thousands digit of 849807390?
8
What is the thousands digit of 2788621697?
1
What is the thousands digit of 72972506?
2
What is the hundred thousands digit of 98675590?
6
What is the hundreds digit of 146375648?
6
What is the millions digit of 98947983?
8
What is the units digit of 489735967?
7
What is the thousands digit of 83943741?
3
What is the hundreds digit of 3337050674?
6
What is the units digit of 126636546?
6
What is the billions digit of 2135658119?
2
What is the hundreds digit of 4255813870?
8
What is the tens digit of 492313809?
0
What is the tens digit of 971658355?
5
What is the thousands digit of 606554785?
4
What is the hundred thousands digit of 356613500?
6
What is the units digit of 28068905?
5
What is the thousands digit of 220258574?
8
What is the hundreds digit of 5644322352?
3
What is the units digit of 85414801?
1
What is the billions digit of 2778207791?
2
What is the thousands digit of 54050804?
0
What is the millions digit of 5560108?
5
What is the thousands digit of 52703901?
3
What is the thousands digit of 22518339?
8
What is the hundred thousands digit of 193287741?
2
What is the ten thousands digit of 65886?
6
What is the ten millions digit of 91332611?
9
What is the hundred thousands digit of 441439900?
4
What is the hundred millions digit of 277108483?
2
What is the ten millions digit of 76770251?
7
What is the ten thousands digit of 1042985930?
8
What is the tens digit of 4220404678?
7
What is the hundred thousands digit of 374686364?
6
What is the ten millions digit of 64397734?
6
What is the tens digit of 58749317?
1
What is the units digit of 40000296?
6
What is the tens digit of 7686239821?
2
What is the ten thousands digit of 103257326?
5
What is the billions digit of 1210303732?
1
What is the hundred thousands digit of 444865150?
8
What is the ten thousands digit of 871473294?
7
What is the ten thousands digit of 217358716?
5
What is the hundred thousands digit of 107671360?
6
What is the tens digit of 101442845?
4
What is the hundred thousands digit of 197023413?
0
What is the thousands digit of 54994036?
4
What is the thousands digit of 2026062127?
2
What is the millions digit of 5039209091?
9
What is the hundred millions digit of 365742881?
3
What is the hundreds digit of 253860067?
0
What is the millions digit of 592885045?
2
What is the units digit of 7358621?
1
What is the millions digit of 879879479?
9
What is the thousands digit of 286328349?
8
What is the hundreds digit of 390072400?
4
What is the thousands digit of 2672433517?
3
What is the millions digit of 194038177?
4
What is the hundred thousands digit of 683453833?
4
What is the ten thousands digit of 1405327462?
2
What is the hundred millions digit of 344981913?
3
What is the units digit of 386068532?
2
What is the hundred thousands digit of 151146989?
1
What is the ten millions digit of 538161686?
3
What is the units digit of 1277398516?
6
What is the tens digit of 1039174551?
5
What is the ten thousands digit of 1611390254?
9
What is the millions digit of 16485698?
6
What is the thousands digit of 823343007?
3
What is the thousands digit of 13319279?
9
What is the ten thousands digit of 147709285?
0
What is the ten thousands digit